 - 9*s**2 - 24*s - 13. What is the remainder when 231 is divided by z(-3)?
5
Calculate the remainder when 81 is divided by (12/18)/(-1 - 13/(-12)).
1
Suppose -3*l + 252 = 4*l. Let j = 66 - 92. Let k = 45 + j. What is the remainder when l is divided by k?
17
Suppose -3*p + 13 = -20. Let o(z) = 6 - 13*z + 32 + 14*z - p. Calculate the remainder when o(-7) is divided by 8.
4
Suppose 0 = -93*r + 89*r + 128. Suppose 92*s = 88*s + r. Let b = 25 + 22. Calculate the remainder when b is divided by s.
7
Calculate the remainder when (-1)/((-4238)/845 + 5) is divided by 11.
10
Let y(q) = -q**2 + 5*q + 7. Calculate the remainder when 225 is divided by y(0).
1
Calculate the remainder when 51 is divided by (16/(96/45))/((-3)/(-2)).
1
Suppose 703 = -c + 38*c. Let g(h) = h**2 - h + 10. Calculate the remainder when c is divided by g(0).
9
Calculate the remainder when 16 is divided by 1*(-10)/55 + 35/11.
1
Let d(o) = 3*o + 63. Let k be d(-26). Let z(b) = b**3 + 14*b**2 - 17*b + 23. What is the remainder when z(k) is divided by 14?
11
Suppose 0 = -289*p + 298*p - 144. Calculate the remainder when 1132 is divided by p.
12
Calculate the remainder when 687 is divided by (150/50)/(6/26).
11
Let l = 131 + 55. Suppose 6*o - l = -0*o. Suppose 2*j = -4*a + 58, 0*a + 100 = 5*a - 3*j. Calculate the remainder when o is divided by a.
14
What is the remainder when ((-41)/2 + 0)/((-1)/2) is divided by 16?
9
Let s(p) = 18*p**3 - 8*p**2 + 22*p - 8. What is the remainder when s(4) is divided by 14?
12
Suppose 0 = -10*v + 28 + 122. What is the remainder when 41 is divided by v?
11
Let k be 308/17 - (-10)/(-85). Calculate the remainder when -14*(2 - 9/2) is divided by 338/k + (-4)/(-18).
16
Let y(q) be the second derivative of -q**4/12 - 5*q**3/3 - 11*q**2/2 + 7*q. What is the remainder when 63 is divided by y(-6)?
11
Let c(d) = -d**2 - 7*d + 12. Calculate the remainder when 56 is divided by c(-7).
8
Suppose -64*a = -81*a + 170. What is the remainder when 348 is divided by a?
8
Let d = -8 - -5. What is the remainder when 14/3*3 - 1 is divided by (-26)/d + (-2)/3?
5
Let h = 714 + -710. Calculate the remainder when 89 is divided by h.
1
Let g = 658 + -635. Calculate the remainder when 126 is divided by g.
11
Let n = -9 - -72. Calculate the remainder when 692 is divided by n.
62
Let g(o) = -o**2 - 8*o + 82. Calculate the remainder when 65 is divided by g(-13).
14
Let s be 549/(-36) - 2/(-8). Let j = s + 7. What is the remainder when (196/j)/((-3)/6) is divided by 26?
23
Let n(i) be the second derivative of -i**3/3 + i**2/2 - i. Let s = 372 + -367. Calculate the remainder when n(-8) is divided by s.
2
Let m = -43 + 322. Calculate the remainder when m is divided by 40.
39
Let u(l) = l**3 + 9*l**2 - l + 11. Let a = -69 + 40. Let k = a + 20. What is the remainder when u(k) is divided by 11?
9
Let z(o) = -o**3 + 6*o**2 + o + 9. What is the remainder when 311 is divided by z(3)?
38
Let i(p) = -p**2 + 4*p - 6. Let h be (-3)/(-3) + (-3)/(-1). Let g be i(h). Let k(w) = w**2 + 5*w + 7. Calculate the remainder when 23 is divided by k(g).
10
Suppose -640 = 2*n - 140. Let q = 371 + n. Calculate the remainder when q is divided by 31.
28
Let m(p) = -3*p + 4. Let y be (-72)/20 + 6/(-15). Suppose 20 = g - 27. Calculate the remainder when g is divided by m(y).
15
Calculate the remainder when (-8)/10*(-1)/(28/1610) is divided by 17.
12
Let h be (-1413)/(-18)*4/2. Suppose -25 = -5*q, -2*l - 6*q + h = -3*q. Calculate the remainder when l is divided by 18.
17
Suppose 14*s - 7*s = 1533. What is the remainder when s is divided by 20?
19
Suppose -8 = 4*d + 8, -5*u = 3*d - 313. Calculate the remainder when 89 is divided by u.
24
Let d = 66 + -46. Suppose -n + 4 = 0, -85 = -j - 24*n + 27*n. What is the remainder when j is divided by d?
17
Let u(i) = i**3 + 3*i**2 - 2*i + 2. Let b = 84 - 46. What is the remainder when b is divided by u(-3)?
6
Let m be (-245)/(-1) - (-3 + 4). Suppose 3*p - m = -p. Calculate the remainder when p is divided by 21.
19
Suppose 3*g - 12 = 4*a + 13, -a - 13 = -3*g. Suppose -b = -2*i + 279, b + 419 = g*i - b. What is the remainder when i is divided by 35?
34
Suppose -2*s - 3*k = -3*s + 12, 15 = 3*k. Suppose s*d - 320 = 19*d. Calculate the remainder when d is divided by 22.
18
Let i(a) = -27*a - 170. What is the remainder when i(-8) is divided by 17?
12
Suppose -7*r + 28 = -175. Calculate the remainder when ((-16)/(-12))/((-6)/(-387)) is divided by r.
28
Suppose -43 = 3*c - 5*c + z, -3*z = -3. Calculate the remainder when 24 is divided by c.
2
Let w(p) = p + 40. Let q be w(-18). Suppose 48 = 14*r - q. Suppose -3*g - u - 7 = -4*g, 0 = 2*u + 4. Calculate the remainder when r is divided by g.
0
Let l = -506 - -518. What is the remainder when 415 is divided by l?
7
Let z = -24 - -24. Suppose -2*n + 2 = 3*d, 5*d + 5*n + 0 + 5 = z. Let c(v) = -v + 17. What is the remainder when c(8) is divided by d?
1
Let k = 74 + -43. Suppose 0 = -5*v - 10, 0 = -3*j - 0*j + 4*v + 281. Calculate the remainder when j is divided by k.
29
Suppose -9*c = 13*c - 2508. What is the remainder when c is divided by 30?
24
Let p be -42 - 0/(4 + -3). Let q = -31 - p. What is the remainder when q is divided by 7?
4
Calculate the remainder when 60 - 2 - (-2 + -5 + 12) is divided by 38.
15
Let u(d) = -44*d + 35. Calculate the remainder when u(-7) is divided by 29.
24
Calculate the remainder when (-2)/(10/46*2/(-5)) is divided by 18/8*(-8)/(-3).
5
Let j(x) = -11*x - 40. Suppose 28 = -4*h - 48. What is the remainder when j(h) is divided by 17?
16
Let w(l) = 6*l - 10. Let m(p) = 4 + 3 + 12 - p**2 + 17*p + 7. What is the remainder when w(8) is divided by m(18)?
6
Suppose s - 16 = -c, -8*s - 8 = -c - 7*s. Calculate the remainder when 16 is divided by c.
4
Let i = 30 + -27. Suppose -5*g + 14 = i*n, 3*n - 10 = -3*g - g. Calculate the remainder when 8 is divided by ((-9)/n)/(6/8).
2
Suppose 68*u = 4787 - 639. What is the remainder when 1096 is divided by u?
59
Let x be (20/16)/(1/4). Suppose 4*z = u + 2*z - 3, 0 = x*z. Suppose w + 92 = u*w. Calculate the remainder when w is divided by 12.
10
Suppose -3*a + 6*a - 4*h - 16 = 0, -4*h = -2*a + 8. Suppose 37 = 5*m - a. Calculate the remainder when 13 is divided by m.
4
Suppose 105 + 39 = 6*o. Let h = 42 - o. What is the remainder when h is divided by 10?
8
Let o = -5 - -8. Suppose -o*i = 57 + 363. Let w = i + 221. What is the remainder when w is divided by 12?
9
Suppose 14 = -m + 20. Let z(l) = -l**2 + 10*l - 1. What is the remainder when z(m) is divided by 6?
5
Let m(r) = 2*r - 1 + 34 - 6 - 7. Calculate the remainder when m(16) is divided by 28.
24
Calculate the remainder when (56/16 - 3)*250 is divided by 57.
11
Let w = -12 + 9. Let t(i) = 3*i**2 + 5*i + 4. Let p be t(w). Let z = p + -2. Calculate the remainder when 25 is divided by z.
11
Suppose -2*v + i = 143, 5*v + 3*i + 33 = -330. Let k = -58 - v. What is the remainder when 55 is divided by k?
13
Let b(x) = -6*x - 7. Let p(k) = 3*k - 1. Let t be (-2)/5 - 270/(-50). What is the remainder when b(-8) is divided by p(t)?
13
Suppose -3*c = -r - 0*c + 57, -c = -5. What is the remainder when r is divided by 25?
22
Let t(z) = -49*z**3. Let p = 14 + -15. Suppose -2*m - 8 = -0*m, 2*x = -m + 46. What is the remainder when t(p) is divided by x?
24
Calculate the remainder when 298 is divided by (-156 + 0/2)/(-14 - -12).
64
Let z(y) = 17*y - 354. What is the remainder when 731 is divided by z(28)?
121
Suppose 2*w - 2 = 6*j - 3*j, -4 = 2*j - 2*w. Let t = -67 + 85. Suppose -5*l + t = -j*l. Calculate the remainder when 23 is divided by l.
5
Let t be -7 - -6 - 148/2. Let f = t - -165. Calculate the remainder when f is divided by 31.
28
Let s be -6*6/(-9) + 40. Let x = -26 + s. What is the remainder when 31 is divided by x?
13
Let i = 67 - 2. Suppose 0 = 3*s - 3, u - 3*u - 5*s = -i. Calculate the remainder when 36 is divided by (-5)/(-4 + u/8).
16
Let z(i) = 28*i - 80. Calculate the remainder when z(18) is divided by 61.
58
Suppose -477*g = -472*g - 1620. Calculate the remainder when g is divided by 13.
12
Let c(u) = 4*u - 8. Let b be (3 - (3 + 0))*-1. Suppose -h + 1 = b, -18 = -3*q + 5*h - 2*h. Calculate the remainder when 77 is divided by c(q).
17
Let s(l) be the first derivative of -l**2/2 - 8*l + 7. What is the remainder when s(-15) is divide